{"id":1422,"date":"2026-01-11T12:42:23","date_gmt":"2026-01-11T11:42:23","guid":{"rendered":"https:\/\/mbtb.pl\/?page_id=1422"},"modified":"2026-02-07T17:53:44","modified_gmt":"2026-02-07T16:53:44","slug":"wypelnienie-spoin-to-fundament-nawierzchni","status":"publish","type":"page","link":"https:\/\/mbtb.pl\/?page_id=1422","title":{"rendered":"\ud83c\udfaf WYPE\u0141NIENIE SPOIN TO FUNDAMENT NAWIERZCHNI"},"content":{"rendered":"<div  data-label=\"Content\" data-id=\"content--1\" data-export-id=\"content-8-mc\" data-category=\"content\" class=\"content-8-mc content-section content-section-spacing\" id=\"content-1\" style=\"background-color: rgb(255, 255, 255); background-image: none;\"><div  class=\"gridContainer\"> <div  class=\"row middle-sm\"><div  class=\"col-sm-6 space-bottom-xs space-top-xs\" data-type=\"column\"> <img  decoding=\"async\" class=\"shadow-large\" src=\"https:\/\/mbtb.pl\/wp-content\/uploads\/2026\/01\/cropped-Gemini_Generated_Image_8qy1xm8qy1xm8qy1-scaled-1.png\" title=\"Gemini_Generated_Image_8qy1xm8qy1xm8qy1\" alt=\"\"><\/div> <div  class=\"col-sm-6\" data-type=\"column\">  <h4  class=\"\" style=\"text-align: left;\"><span  style=\"color: rgb(0, 0, 0);\"><span  style=\"font-weight: 900;\">Wype\u0142nienie spoin<\/span> piaskiem nie jest tylko zabiegiem estetycznym, lecz kluczowym&nbsp;<\/span><span  style=\"color: rgb(0, 0, 0);\">etapem konstrukcyjnym, kt\u00f3ry zapewnia stabilno\u015b\u0107 nawierzchni i chroni j\u0105 przed&nbsp;<\/span><span  style=\"color: rgb(0, 0, 0);\">nieodwracaln\u0105 degradacj\u0105.\r\n<br ><br > Prawid\u0142owo \u201czafugowana\u201d szczelina pozwala elementom&nbsp;<\/span><span  style=\"color: rgb(0, 0, 0);\">betonowym wsp\u00f3\u0142pracowa\u0107 jako monolit, rozk\u0142adaj\u0105c obci\u0105\u017cenia w spos\u00f3b bezpieczny&nbsp;<\/span><span  style=\"color: rgb(0, 0, 0);\">dla ka\u017cdego pojedynczego elementu.<\/span><\/h4><\/div> <\/div><\/div> <\/div><div  data-label=\"Content\" data-id=\"content--2\" data-export-id=\"content-7-mc\" data-category=\"content\" class=\"content-7-mc content-section content-section-spacing\" id=\"content-2\" style=\"background-color: rgb(255, 255, 255); background-image: none;\"><div  class=\"gridContainer\"> <div  class=\"row middle-sm\"><div  class=\"col-sm-6 space-bottom-xs\" data-type=\"column\">   <h4  class=\"\"><span  style=\"font-weight: 900;\"><b ><img  decoding=\"async\" draggable=\"false\" role=\"img\" class=\"emoji\" alt=\"\ud83d\udc49\" src=\"https:\/\/s.w.org\/images\/core\/emoji\/17.0.2\/svg\/1f449.svg\"><span  style=\"color: rgb(0, 0, 0);\"> TECHNICZNA CHARAKTERYSTYKA ZJAWISKA:<\/span><\/b><\/span><\/h4><h4  class=\"\" style=\"text-align: left;\"><span  style=\"color: rgb(0, 0, 0);\"><span  style=\"font-weight: 900;\">KLINOWANIE I AMORTYZACJA<\/span> \r\n<br ><br >Zgodnie z projektem inwestycji&nbsp;oraz norm\u0105 PN-EN 1338, nawierzchnia brukowa opiera&nbsp;si\u0119 na zjawisku klinowania. <span  style=\"font-weight: 700;\">MB-TB<\/span> podkre\u015bla kluczow\u0105&nbsp;rol\u0119 wype\u0142niacza:<br >\r\n<\/span><br ><span  style=\"color: rgb(0, 0, 0);\"><span  style=\"font-weight: 900;\">\r\n<img  decoding=\"async\" draggable=\"false\" role=\"img\" class=\"emoji\" alt=\"\ud83d\udd39\" src=\"https:\/\/s.w.org\/images\/core\/emoji\/17.0.2\/svg\/1f539.svg\">Rola piasku:<\/span> P\u0142ukany piasek o frakcji 0-2 mm pe\u0142ni&nbsp;funkcj\u0119 \u201eAMORTYZATORA\u201d i przeka\u017anika si\u0142&nbsp;poziomych w trakcie ruchu pojazd\u00f3w.<\/span><br ><span  style=\"color: rgb(0, 0, 0);\"><span  style=\"font-weight: 900;\">\r\n<img  decoding=\"async\" draggable=\"false\" role=\"img\" class=\"emoji\" alt=\"\ud83d\udd39\" src=\"https:\/\/s.w.org\/images\/core\/emoji\/17.0.2\/svg\/1f539.svg\"> Przenoszenie si\u0142:<\/span>&nbsp;Si\u0142y hamowania i przyspieszania&nbsp;pojazd\u00f3w s\u0105 rozk\u0142adane na s\u0105siednie elementy w\u0142a\u015bnie&nbsp;poprzez wype\u0142nione spoiny.<\/span><br ><span  style=\"color: rgb(0, 0, 0);\"><span  style=\"font-weight: 900;\">\r\n<img  decoding=\"async\" draggable=\"false\" role=\"img\" class=\"emoji\" alt=\"\ud83d\udd39\" src=\"https:\/\/s.w.org\/images\/core\/emoji\/17.0.2\/svg\/1f539.svg\"> Brak dystansu:<\/span> Gdy spoiny s\u0105 puste, elementy&nbsp;betonowe napieraj\u0105 bezpo\u015brednio na siebie (\u201ebeton o&nbsp;beton\u201d), co generuje niszcz\u0105ce napr\u0119\u017cenia punktowe.<\/span><\/h4><\/div> <div  class=\"col-sm-6\" data-type=\"column\"> <img  decoding=\"async\" class=\"shadow-large\" src=\"https:\/\/mbtb.pl\/wp-content\/uploads\/2026\/01\/cropped-ZORD-8-1-scaled-1.jpg\" title=\"ZORD 8\" alt=\"\"><\/div> <\/div><\/div> <\/div><div  data-label=\"Content\" data-id=\"content--3\" data-export-id=\"content-12\" data-category=\"content\" class=\"content-12 content-section content-section-spacing\" id=\"content-3\" style=\"background-color: rgb(255, 255, 255); background-image: none;\"><div  class=\"gridContainer\"> <div  class=\"row text-center\"><div  class=\"section-title-col\" data-type=\"column\">  <h4  class=\"\"><span  style=\"color: rgb(0, 0, 0); font-weight: 900;\"><img  decoding=\"async\" draggable=\"false\" role=\"img\" class=\"emoji\" alt=\"\ud83d\udc49\" src=\"https:\/\/s.w.org\/images\/core\/emoji\/17.0.2\/svg\/1f449.svg\"> KRYTYCZNE SKUTKI ZANIEDBA\u0143 \u2013 ODPRYSKI KRAW\u0118DZIOWE (SPALLING):<\/span><\/h4><\/div> <\/div> <div  class=\"row center-xs middle-xs\"> <div  class=\"col-sm-9\" data-type=\"column\"><h4  class=\"\" style=\"text-align: left;\"><span  style=\"color: rgb(0, 0, 0);\">Zbagatelizowanie etapu spoinowania prowadzi do uszkodze\u0144 mechanicznych, kt\u00f3re&nbsp;<\/span><span  style=\"color: rgb(0, 0, 0);\">inwestorzy cz\u0119sto mylnie interpretuj\u0105 jako wad\u0119 produktu. <span  style=\"font-weight: 700;\">MB-TB<\/span> wskazuje na&nbsp;<\/span><span  style=\"color: rgb(0, 0, 0);\">najwa\u017cniejsze konsekwencje:<br >\r\n<\/span><br ><span  style=\"color: rgb(0, 0, 0);\"><span  style=\"font-weight: 900;\">\r\n<img  decoding=\"async\" draggable=\"false\" role=\"img\" class=\"emoji\" alt=\"\ud83d\udd39\" src=\"https:\/\/s.w.org\/images\/core\/emoji\/17.0.2\/svg\/1f539.svg\"> Uszkodzenia mechaniczne:<\/span> Dochodzi do tzw. odprysk\u00f3w kraw\u0119dziowych, kt\u00f3re&nbsp;<\/span><span  style=\"color: rgb(0, 0, 0);\">trwale szpec\u0105 nawierzchni\u0119.<\/span><br ><span  style=\"color: rgb(0, 0, 0);\"><span  style=\"font-weight: 900;\">\r\n<img  decoding=\"async\" draggable=\"false\" role=\"img\" class=\"emoji\" alt=\"\ud83d\udd39\" src=\"https:\/\/s.w.org\/images\/core\/emoji\/17.0.2\/svg\/1f539.svg\"> Nieodwracalno\u015b\u0107:<\/span> Raz powsta\u0142e odpryski nie podlegaj\u0105 naprawie estetycznej \u2013&nbsp;<\/span><span  style=\"color: rgb(0, 0, 0);\">jedynym rozwi\u0105zaniem jest wymiana pojedynczych element\u00f3w lub ca\u0142ej nawierzchni.<\/span><br ><span  style=\"color: rgb(0, 0, 0);\"><span  style=\"font-weight: 900;\">\r\n<img  decoding=\"async\" draggable=\"false\" role=\"img\" class=\"emoji\" alt=\"\ud83d\udd39\" src=\"https:\/\/s.w.org\/images\/core\/emoji\/17.0.2\/svg\/1f539.svg\">Utrata stabilno\u015bci:<\/span> Nawierzchnia traci swoj\u0105 trwa\u0142o\u015b\u0107 i zaczyna \u201epracowa\u0107\u201d w spos\u00f3b<\/span><br ><span  style=\"color: rgb(0, 0, 0);\">\r\nniekontrolowany, pog\u0142\u0119biaj\u0105c uszkodzenia.<\/span><\/h4> <\/div> <\/div><\/div> <\/div><div  data-label=\"Content\" data-id=\"content--4\" data-export-id=\"content-12\" data-category=\"content\" class=\"content-12 content-section content-section-spacing\" id=\"content-4\" style=\"background-color: rgb(255, 255, 255); background-image: none;\"><div  class=\"gridContainer\"> <div  class=\"row text-center\"><div  class=\"section-title-col\" data-type=\"column\">  <h4  class=\"\" style=\"text-align: center;\"><span  style=\"font-weight: 900;\"><span  id=\"_mce_caret\" data-mce-bogus=\"1\" data-mce-type=\"format-caret\"><span  style=\"color: rgb(0, 0, 0);\">\ufeff<\/span><\/span><img  decoding=\"async\" draggable=\"false\" role=\"img\" class=\"emoji\" alt=\"\ud83d\udc49\" src=\"https:\/\/s.w.org\/images\/core\/emoji\/17.0.2\/svg\/1f449.svg\"> PRZYCZYNY DEGRADACJI:<\/span><\/h4><\/div> <\/div> <div  class=\"row center-xs middle-xs\"> <div  class=\"col-sm-9\" data-type=\"column\"><h4  class=\"\" style=\"text-align: left;\"><span  style=\"color: rgb(0, 0, 0);\"><span  style=\"font-weight: 900;\">B\u0141\u0118DY WYKONAWCZE I EKSPLOATACYJNE<\/span> Brak stabilizacji spoin na inwestycjach wynika najcz\u0119\u015bciej z braku wiedzy technicznej:<br >\r\n<\/span><br ><span  style=\"color: rgb(0, 0, 0);\"><span  style=\"font-weight: 900;\">\r\n<img  decoding=\"async\" draggable=\"false\" role=\"img\" class=\"emoji\" alt=\"\ud83d\udd39\" src=\"https:\/\/s.w.org\/images\/core\/emoji\/17.0.2\/svg\/1f539.svg\">Niedostateczne zamulanie:<\/span> Ograniczenie si\u0119 do jednokrotnego rozsypania piasku bez kilkukrotnego powtarzania procesu z u\u017cyciem wody.<\/span><br ><span  style=\"color: rgb(0, 0, 0);\"><span  style=\"font-weight: 900;\">\r\n<img  decoding=\"async\" draggable=\"false\" role=\"img\" class=\"emoji\" alt=\"\ud83d\udd39\" src=\"https:\/\/s.w.org\/images\/core\/emoji\/17.0.2\/svg\/1f539.svg\"> Zbyt wczesne u\u017cytkowanie:<\/span> Dopuszczenie ci\u0119\u017ckiego ruchu ko\u0142owego przed zako\u0144czeniem&nbsp;<\/span><span  style=\"color: rgb(0, 0, 0);\">pe\u0142nego procesu spoinowania.<\/span><br ><span  style=\"color: rgb(0, 0, 0);\"><span  style=\"font-weight: 900;\">\r\n<img  decoding=\"async\" draggable=\"false\" role=\"img\" class=\"emoji\" alt=\"\ud83d\udd39\" src=\"https:\/\/s.w.org\/images\/core\/emoji\/17.0.2\/svg\/1f539.svg\">Agresywne czyszczenie<\/span>: U\u017cywanie myjek ci\u015bnieniowych w ci\u0105gu pierwszych 6-12&nbsp;<\/span><span  style=\"color: rgb(0, 0, 0);\">miesi\u0119cy, co prowadzi do \u201ewysysania\u201d piasku ze szczelin.<\/span><br ><span  style=\"color: rgb(0, 0, 0);\"><span  style=\"font-weight: 900;\">\r\n<img  decoding=\"async\" draggable=\"false\" role=\"img\" class=\"emoji\" alt=\"\ud83d\udd39\" src=\"https:\/\/s.w.org\/images\/core\/emoji\/17.0.2\/svg\/1f539.svg\">B\u0142\u0119dna interpretacja dystans\u00f3w w kostce:<\/span> Poleganie wy\u0142\u0105cznie na odst\u0119pnikach&nbsp;<\/span><span  style=\"color: rgb(0, 0, 0);\">dystansowych, kt\u00f3re u\u0142atwiaj\u0105 zachowanie szeroko\u015bci spoiny, ale nigdy nie zast\u0119puj\u0105&nbsp;<\/span><span  style=\"color: rgb(0, 0, 0);\">wype\u0142nienia.<\/span><br ><span  style=\"color: rgb(0, 0, 0);\"><span  style=\"font-weight: 900;\">\r\n<img  decoding=\"async\" draggable=\"false\" role=\"img\" class=\"emoji\" alt=\"\ud83d\udd39\" src=\"https:\/\/s.w.org\/images\/core\/emoji\/17.0.2\/svg\/1f539.svg\"> B\u0142\u0119dy podbudowy:<\/span> Nieprawid\u0142owo wykonana podbudowa, brak stabilno\u015bci infiltracyjnej mo\u017ce powodowa\u0107&nbsp;<\/span><span  style=\"color: rgb(0, 0, 0);\">niestabilno\u015b\u0107 wykonanej spoiny.<\/span><\/h4> <\/div> <\/div><\/div> <\/div><div  data-label=\"Content\" data-id=\"content--6\" data-export-id=\"content-13\" data-category=\"content\" class=\"content-13 content-section content-section-spacing\" id=\"content-6\" style=\"background-color: rgb(255, 255, 255);\"><div  class=\"gridContainer\"> <div  class=\"row text-center\"><div  class=\"section-title-col\" data-type=\"column\">  <\/div> <\/div> <div  class=\"row center-xs middle-xs\"> <div  class=\"col-xs col-sm-8 space-bottom image-group-bottom-3\"> <img  decoding=\"async\" class=\"left-img shadow-large-black\" src=\"https:\/\/mbtb.pl\/wp-content\/uploads\/2026\/01\/cropped-Gemini_Generated_Image_uqi6jxuqi6jxuqi6-scaled-2.png\" title=\"Gemini_Generated_Image_uqi6jxuqi6jxuqi6\" alt=\"\"> <img  decoding=\"async\" class=\"center-img shadow-large-black\" src=\"https:\/\/mbtb.pl\/wp-content\/uploads\/2026\/01\/cropped-Gemini_Generated_Image_lobzqrlobzqrlobz-scaled-1.png\" title=\"Gemini_Generated_Image_lobzqrlobzqrlobz\" alt=\"\"> <img  decoding=\"async\" class=\"right-img shadow-large-black\" src=\"https:\/\/mbtb.pl\/wp-content\/uploads\/2026\/01\/cropped-WhatsApp-Image-2024-06-25-at-14.24.34-2.jpeg\" title=\"cropped-WhatsApp-Image-2024-06-25-at-14.24.34-2.jpeg\" alt=\"\"><\/div> <\/div><\/div> <\/div><div  data-label=\"Content\" data-id=\"content--7\" data-export-id=\"content-12\" data-category=\"content\" class=\"content-12 content-section content-section-spacing\" id=\"content-7\" style=\"background-color: rgb(255, 255, 255); background-image: none;\"><div  class=\"gridContainer\"> <div  class=\"row text-center\"><div  class=\"section-title-col\" data-type=\"column\"><h4  class=\"\"><span  style=\"color: rgb(0, 0, 0); font-weight: 900;\"><span  id=\"_mce_caret\" data-mce-bogus=\"1\" data-mce-type=\"format-caret\">\ufeff<\/span><img  decoding=\"async\" draggable=\"false\" role=\"img\" class=\"emoji\" alt=\"\ud83d\udccc\" src=\"https:\/\/s.w.org\/images\/core\/emoji\/17.0.2\/svg\/1f4cc.svg\"> WA\u017bNE ZASADY:<\/span><\/h4>  <\/div> <\/div> <div  class=\"row center-xs middle-xs\"> <div  class=\"col-sm-9\" data-type=\"column\"><h4  class=\"\" style=\"text-align: left;\"><span  style=\"color: rgb(0, 0, 0); font-weight: 900;\">REKOMENDACJE DLA WYKONAWC\u00d3W I INWESTOR\u00d3W<\/span><span  id=\"_mce_caret\" data-mce-bogus=\"1\" data-mce-type=\"format-caret\"><span  style=\"color: rgb(0, 0, 0); font-weight: 900;\">\ufeff<\/span><\/span><\/h4> <h4  class=\"\" style=\"text-align: left;\"><span  style=\"color: rgb(0, 0, 0);\">Aby unikn\u0105\u0107 degradacji nawierzchni betonowych, <span  style=\"font-weight: 700;\">MB-TB<\/span> zaleca stosowanie rygorystycznych zasad&nbsp;profilaktycznych:<br >\r\n<\/span><br ><span  style=\"color: rgb(0, 0, 0);\"><span  style=\"font-weight: 900;\">\r\n<img  decoding=\"async\" draggable=\"false\" role=\"img\" class=\"emoji\" alt=\"\u2705\" src=\"https:\/\/s.w.org\/images\/core\/emoji\/17.0.2\/svg\/2705.svg\">&nbsp;Zasada 3-5 mm:<\/span> Zawsze nale\u017cy zachowywa\u0107 spoiny o szeroko\u015bci od 3 do 5 mm;&nbsp;<\/span><span  style=\"color: rgb(0, 0, 0);\">uk\u0142adanie element\u00f3w \u201ena styk\u201d to gwarancja uszkodze\u0144.<\/span><br ><span  style=\"color: rgb(0, 0, 0);\"><span  style=\"font-weight: 900;\">\r\n<img  decoding=\"async\" draggable=\"false\" role=\"img\" class=\"emoji\" alt=\"\u2705\" src=\"https:\/\/s.w.org\/images\/core\/emoji\/17.0.2\/svg\/2705.svg\">&nbsp;Zasada wielokrotnego piaskowania:<\/span> Proces uznaje si\u0119 za zako\u0144czony dopiero&nbsp;<\/span><span  style=\"color: rgb(0, 0, 0);\">wtedy, gdy po opadach deszczu poziom piasku w szczelinach przestaje opada\u0107.<\/span><br ><span  style=\"color: rgb(0, 0, 0);\"><span  style=\"font-weight: 900;\">\r\n<img  decoding=\"async\" draggable=\"false\" role=\"img\" class=\"emoji\" alt=\"\u2705\" src=\"https:\/\/s.w.org\/images\/core\/emoji\/17.0.2\/svg\/2705.svg\">&nbsp;Kontrola po zimie:<\/span> Inwestor powinien dokona\u0107 przegl\u0105du nawierzchni po ka\u017cdym&nbsp;<\/span><span  style=\"color: rgb(0, 0, 0);\">sezonie zimowym i uzupe\u0142ni\u0107 ewentualne braki suchym piaskiem kwarcowym lub piaskiem&nbsp;<\/span><span  style=\"color: rgb(0, 0, 0);\">polimerowym.<\/span><br ><span  style=\"color: rgb(0, 0, 0);\"><span  style=\"font-weight: 900;\">\r\n<img  decoding=\"async\" draggable=\"false\" role=\"img\" class=\"emoji\" alt=\"\u2705\" src=\"https:\/\/s.w.org\/images\/core\/emoji\/17.0.2\/svg\/2705.svg\">&nbsp;Czysto\u015b\u0107 materia\u0142u:<\/span> U\u017cywany piasek musi by\u0107 p\u0142ukany i pozbawiony domieszek&nbsp;<\/span><span  style=\"color: rgb(0, 0, 0);\">gliniastych oraz organicznych, aby unikn\u0105\u0107 trwa\u0142ych zabrudze\u0144 powierzchni betonu.<\/span><\/h4><\/div> <\/div><\/div> <\/div><div  data-label=\"Content\" data-id=\"content--8\" data-export-id=\"content-7-mc\" data-category=\"content\" class=\"content-7-mc content-section content-section-spacing\" id=\"content-8\" style=\"background-color: rgb(255, 255, 255); background-image: none;\"><div  class=\"gridContainer\"> <div  class=\"row middle-sm\"><div  class=\"col-sm-6 space-bottom-xs\" data-type=\"column\"><h4  class=\"\"><span  style=\"color: rgb(0, 0, 0);\"><img  decoding=\"async\" draggable=\"false\" role=\"img\" class=\"emoji\" alt=\"\ud83d\udc49\" src=\"https:\/\/s.w.org\/images\/core\/emoji\/17.0.2\/svg\/1f449.svg\">&nbsp;<span  style=\"font-weight: 900;\">METODYKA NAPRAWCZA&nbsp;<\/span><\/span><span  style=\"color: rgb(0, 0, 0); font-weight: 900;\">\u2013 KROK PO KROKU<\/span><\/h4>   <h4  class=\"\"><span  style=\"color: rgb(0, 0, 0);\">W przypadku zauwa\u017cenia&nbsp;<\/span><span  style=\"color: rgb(0, 0, 0);\">ubytk\u00f3w, nale\u017cy dzia\u0142a\u0107&nbsp;<\/span><span  style=\"color: rgb(0, 0, 0);\">niezw\u0142ocznie:<br >\r\n<\/span><br ><span  style=\"color: rgb(0, 0, 0); font-weight: 900;\">\r\n<img  decoding=\"async\" draggable=\"false\" role=\"img\" class=\"emoji\" alt=\"\u2705\" src=\"https:\/\/s.w.org\/images\/core\/emoji\/17.0.2\/svg\/2705.svg\">&nbsp;Oczyszczenie szczelin:<\/span><br ><span  style=\"color: rgb(0, 0, 0);\">\r\nUsu\u0144 zanieczyszczenia z wn\u0119trza szczelin metod\u0105&nbsp;<\/span><span  style=\"color: rgb(0, 0, 0);\">odkurzania lub wydmuchiwania.<\/span><br ><span  style=\"color: rgb(0, 0, 0); font-weight: 900;\">\r\n<img  decoding=\"async\" draggable=\"false\" role=\"img\" class=\"emoji\" alt=\"\u2705\" src=\"https:\/\/s.w.org\/images\/core\/emoji\/17.0.2\/svg\/2705.svg\">&nbsp;Wprowadzenie piasku:<\/span><br ><span  style=\"color: rgb(0, 0, 0);\">\r\nZastosuj piasek polimerowy&nbsp;<\/span><span  style=\"color: rgb(0, 0, 0);\">lub suchy piasek kwarcowy o&nbsp;<\/span><span  style=\"color: rgb(0, 0, 0);\">frakcji 0-2 mm.<\/span><br ><span  style=\"color: rgb(0, 0, 0); font-weight: 900;\">\r\n<img  decoding=\"async\" draggable=\"false\" role=\"img\" class=\"emoji\" alt=\"\u2705\" src=\"https:\/\/s.w.org\/images\/core\/emoji\/17.0.2\/svg\/2705.svg\"> Proces zamulania:<\/span><br ><span  style=\"color: rgb(0, 0, 0);\">\r\nWprowad\u017a piasek w ruch szczotkami, mo\u017cesz te\u017c<\/span><span  style=\"color: rgb(0, 0, 0);\">&nbsp;u\u017cy\u0107 delikatnego strumienia wody.<\/span><br ><span  style=\"color: rgb(0, 0, 0); font-weight: 900;\">\r\n<img  decoding=\"async\" draggable=\"false\" role=\"img\" class=\"emoji\" alt=\"\u2705\" src=\"https:\/\/s.w.org\/images\/core\/emoji\/17.0.2\/svg\/2705.svg\">&nbsp;Stabilizacja opcjonalna:<\/span><br ><span  style=\"color: rgb(0, 0, 0);\">\r\nNa podjazdach o du\u017cym spadku warto<\/span><span  style=\"color: rgb(0, 0, 0);\">&nbsp;zastosowa\u0107 piaski polimerowe, kt\u00f3re&nbsp;<\/span><span  style=\"color: rgb(0, 0, 0);\">twardniej\u0105 po kontakcie z wod\u0105.<\/span><\/h4><\/div> <div  class=\"col-sm-6\" data-type=\"column\"> <img  decoding=\"async\" class=\"shadow-large\" src=\"https:\/\/mbtb.pl\/wp-content\/uploads\/2026\/01\/cropped-Gemini_Generated_Image_4h119h4h119h4h11-scaled-1.png\" title=\"Gemini_Generated_Image_4h119h4h119h4h11\" alt=\"\"><\/div> <\/div><\/div> <\/div><div  data-label=\"Content\" data-id=\"content--9\" data-export-id=\"content-8-mc\" data-category=\"content\" class=\"content-8-mc content-section content-section-spacing\" id=\"content-9\" style=\"background-color: rgb(255, 255, 255); background-image: none;\"><div  class=\"gridContainer\"> <div  class=\"row middle-sm\"><div  class=\"col-sm-6 space-bottom-xs space-top-xs\" data-type=\"column\"> <img  decoding=\"async\" class=\"shadow-large\" src=\"https:\/\/mbtb.pl\/wp-content\/uploads\/2026\/01\/cropped-Gemini_Generated_Image_s9ri74s9ri74s9ri.png\" title=\"cropped-Gemini_Generated_Image_s9ri74s9ri74s9ri.png\" alt=\"\"><\/div> <div  class=\"col-sm-6\" data-type=\"column\">  <h4  class=\"\"><span  style=\"font-weight: 900;\"><span  style=\"color: rgb(0, 0, 0);\">MB-TB oferuje profesjonalny&nbsp;<\/span><span  style=\"color: rgb(0, 0, 0);\">nadz\u00f3r inwestorski oraz doradztwo techniczne dla firm i os\u00f3b prywatnych planuj\u0105cych&nbsp;<\/span><span  style=\"color: rgb(0, 0, 0);\">budow\u0119 nawierzchni z kostki lub p\u0142yt brukowych.<br >\r\n<\/span><\/span><br ><span  style=\"color: rgb(0, 0, 0); font-weight: 900;\">\r\nWYBIERAJ SPRAWDZONE ROZWI\u0104ZANIA<\/span><\/h4><\/div> <\/div><\/div> <\/div>","protected":false},"excerpt":{"rendered":"<p>Wype\u0142nienie spoin piaskiem nie jest tylko zabiegiem estetycznym, lecz kluczowym&nbsp;etapem konstrukcyjnym, kt\u00f3ry zapewnia stabilno\u015b\u0107 nawierzchni i chroni j\u0105 przed&nbsp;nieodwracaln\u0105 degradacj\u0105. Prawid\u0142owo \u201czafugowana\u201d szczelina pozwala elementom&nbsp;betonowym wsp\u00f3\u0142pracowa\u0107 jako monolit, rozk\u0142adaj\u0105c obci\u0105\u017cenia w spos\u00f3b bezpieczny&nbsp;dla ka\u017cdego pojedynczego elementu. TECHNICZNA CHARAKTERYSTYKA ZJAWISKA:KLINOWANIE I AMORTYZACJA Zgodnie z projektem inwestycji&nbsp;oraz norm\u0105 PN-EN 1338, nawierzchnia brukowa opiera&nbsp;si\u0119 na zjawisku klinowania. MB-TB<a class=\"moretag\" href=\"https:\/\/mbtb.pl\/?page_id=1422\">          Czytaj ca\u0142y artyku\u0142&#8230;<\/a><\/p>\n","protected":false},"author":2,"featured_media":0,"parent":0,"menu_order":0,"comment_status":"closed","ping_status":"closed","template":"pro\/page-templates\/full-width-page.php","meta":{"footnotes":""},"class_list":["post-1422","page","type-page","status-publish","hentry"],"_links":{"self":[{"href":"https:\/\/mbtb.pl\/index.php?rest_route=\/wp\/v2\/pages\/1422","targetHints":{"allow":["GET"]}}],"collection":[{"href":"https:\/\/mbtb.pl\/index.php?rest_route=\/wp\/v2\/pages"}],"about":[{"href":"https:\/\/mbtb.pl\/index.php?rest_route=\/wp\/v2\/types\/page"}],"author":[{"embeddable":true,"href":"https:\/\/mbtb.pl\/index.php?rest_route=\/wp\/v2\/users\/2"}],"replies":[{"embeddable":true,"href":"https:\/\/mbtb.pl\/index.php?rest_route=%2Fwp%2Fv2%2Fcomments&post=1422"}],"version-history":[{"count":9,"href":"https:\/\/mbtb.pl\/index.php?rest_route=\/wp\/v2\/pages\/1422\/revisions"}],"predecessor-version":[{"id":1491,"href":"https:\/\/mbtb.pl\/index.php?rest_route=\/wp\/v2\/pages\/1422\/revisions\/1491"}],"wp:attachment":[{"href":"https:\/\/mbtb.pl\/index.php?rest_route=%2Fwp%2Fv2%2Fmedia&parent=1422"}],"curies":[{"name":"wp","href":"https:\/\/api.w.org\/{rel}","templated":true}]}}