{"id":1633,"date":"2026-01-11T12:42:23","date_gmt":"2026-01-11T11:42:23","guid":{"rendered":"https:\/\/mbtb.pl\/?page_id=1633"},"modified":"2026-03-01T21:10:50","modified_gmt":"2026-03-01T20:10:50","slug":"wypelnienie-spoin-to-fundament-nawierzchni-4","status":"publish","type":"page","link":"https:\/\/mbtb.pl\/?page_id=1633","title":{"rendered":"\ud83c\udfaf WBUDOWANIE OZNACZA AKCEPTACJ\u0118: JAK PRAWID\u0141OWO ODEBRA\u0106 DOSTAW\u0118 KOSTKI BRUKOWEJ?"},"content":{"rendered":"<div  data-label=\"Content\" data-id=\"content--10\" data-export-id=\"content-12\" data-category=\"content\" class=\"content-12 content-section content-section-spacing\" id=\"content-10\" style=\"background-color: rgb(255, 255, 255); background-image: none;\"><div  class=\"gridContainer\">  <div  class=\"row center-xs middle-xs\"> <div  class=\"col-sm-9\" data-type=\"column\"> <img  decoding=\"async\" class=\"shadow-large\" src=\"https:\/\/mbtb.pl\/wp-content\/uploads\/2026\/02\/cropped-Gemini_Generated_Image_i45yggi45yggi45y-scaled-1.png\" title=\"Gemini_Generated_Image_i45yggi45yggi45y\" alt=\"\"><p  class=\"\"><\/p><p  class=\"lead\" style=\"text-align: left;\"><span  style=\"font-weight: 700; color: rgb(0, 0, 0); font-family: Lato, arial, helvetica, sans-serif;\"><span  style=\"font-weight: 900;\">Rzetelne sprawdzenie jako\u015bci materia\u0142u w momencie jego dostawy to kluczowy spos\u00f3b na zachowanie pe\u0142nych praw do reklamacji i unikni\u0119cie koszt\u00f3w zwi\u0105zanych z demonta\u017cem wadliwej nawierzchni.<\/span>&nbsp;\n<br ><br ><span  style=\"font-weight: 400;\">MB-TB, podkre\u015bla kluczow\u0105 zasad\u0119:<\/span><\/span><\/p><p  class=\"lead\" style=\"text-align: left;\"><span  style=\"font-weight: 400; color: rgb(0, 0, 0); font-family: Lato, arial, helvetica, sans-serif;\"><span  style=\"font-weight: 900;\">Pami\u0119taj wbudowanie materia\u0142u oznacza jego akceptacj\u0119 !!!<\/span> \n<br >Je\u015bli u\u0142o\u017cysz kostk\u0119, kt\u00f3ra ma widoczne wady, praktycznie zamykasz sobie drog\u0119 do skutecznej reklamacji i nara\u017casz si\u0119 na koszty demonta\u017cu.<\/span><\/p><p  class=\"\"><\/p><p  class=\"lead\" style=\"text-align: left;\"><span  style=\"font-weight: 900; color: rgb(0, 0, 0);\"><span  style=\"font-family: Lato, arial, helvetica, sans-serif;\"><img  decoding=\"async\" draggable=\"false\" role=\"img\" class=\"emoji\" alt=\"\ud83d\udc49\" src=\"https:\/\/s.w.org\/images\/core\/emoji\/17.0.2\/svg\/1f449.svg\"><\/span> DLACZEGO KONTROLA NA ETAPIE ROZ\u0141ADUNKU JEST KLUCZOWA?<\/span><\/p><p  class=\"lead\" style=\"text-align: left;\"><span  style=\"color: rgb(0, 0, 0); font-weight: 400;\">Inwestycja w nawierzchni\u0119 z kostki brukowej to proces wieloetapowy, w kt\u00f3rym jako\u015b\u0107 dostarczonego materia\u0142u determinuje finalny efekt estetyczny i u\u017cytkowy. Wyroby betonowe, ze wzgl\u0119du na swoje mineralne pochodzenie (cement, piaski, \u017cwiry), charakteryzuj\u0105 si\u0119 naturaln\u0105 zmienno\u015bci\u0105, jednak b\u0142\u0119dy logistyczne lub produkcyjne musz\u0105 zosta\u0107 wykryte przed rozpocz\u0119ciem prac.<\/span><\/p><p  class=\"lead\" style=\"text-align: left;\"><span  style=\"font-weight: 400; font-family: Lato, arial, helvetica, sans-serif; color: rgb(0, 0, 0);\">Zgodnie z normami <span  style=\"font-weight: 900;\">PN-EN 1338<\/span> (kostka), <span  style=\"font-weight: 900;\">PN-EN 1339<\/span> (p\u0142yty) oraz <span  style=\"font-weight: 900;\">PN-EN 1340<\/span> (kraw\u0119\u017cniki), dopuszczalne s\u0105 pewne r\u00f3\u017cnice w odcieniach barw, kt\u00f3re nie stanowi\u0105 wady, o ile mieszcz\u0105 si\u0119 w granicach okre\u015blonych przez producenta.<\/span><\/p><\/div> <\/div><\/div> <\/div><div  data-label=\"Content\" data-id=\"content--2\" data-export-id=\"content-7-mc\" data-category=\"content\" class=\"content-7-mc content-section content-section-spacing\" id=\"content-2\" style=\"background-color: rgb(255, 255, 255); background-image: none;\"><div  class=\"gridContainer\"> <div  class=\"row middle-sm\"><div  class=\"col-sm-6 space-bottom-xs\" data-type=\"column\">   <h4  class=\"\"><span  style=\"font-weight: 900; color: rgb(0, 0, 0);\"><b ><img  decoding=\"async\" draggable=\"false\" role=\"img\" class=\"emoji\" alt=\"\ud83d\udc49\" src=\"https:\/\/s.w.org\/images\/core\/emoji\/17.0.2\/svg\/1f449.svg\"> NAJCZ\u0118STSZE NIEPRAWID\u0141OWO\u015aCI W DOSTAWACH:<\/b><\/span><\/h4><h4  class=\"\" style=\"text-align: left;\"><br ><span  style=\"color: rgb(0, 0, 0);\"><span  style=\"font-weight: 900;\">\n<img  decoding=\"async\" draggable=\"false\" role=\"img\" class=\"emoji\" alt=\"\ud83d\udd39\" src=\"https:\/\/s.w.org\/images\/core\/emoji\/17.0.2\/svg\/1f539.svg\">&nbsp;Niezgodno\u015b\u0107 asortymentowa: \n<br ><span  style=\"font-weight: 400;\">Dostarczenie innego koloru lub modelu ni\u017c okre\u015blony w zam\u00f3wieniu.<\/span>\n<\/span><\/span><br ><span  style=\"color: rgb(0, 0, 0);\"><span  style=\"font-weight: 900;\">\n\n<br ><img  decoding=\"async\" draggable=\"false\" role=\"img\" class=\"emoji\" alt=\"\ud83d\udd39\" src=\"https:\/\/s.w.org\/images\/core\/emoji\/17.0.2\/svg\/1f539.svg\">&nbsp;<\/span><span  style=\"font-weight: 900;\"><b >R\u00f3\u017cnice w strukturze powierzchni:<\/b><\/span> \n<br >Niezgodno\u015b\u0107 w wyko\u0144czeniu kraw\u0119dzi, np. dostarczenie kostki z faz\u0105 zamiast zam\u00f3wionej wersji bezfazowej.\n<\/span><br ><br ><span  style=\"color: rgb(0, 0, 0);\"><span  style=\"font-weight: 900;\">\n<img  decoding=\"async\" draggable=\"false\" role=\"img\" class=\"emoji\" alt=\"\ud83d\udd39\" src=\"https:\/\/s.w.org\/images\/core\/emoji\/17.0.2\/svg\/1f539.svg\">&nbsp;<\/span><span  style=\"font-weight: 900;\">Mieszanie partii produkcyjnych:<\/span> \n<br >Dostarczenie r\u00f3\u017cnych partii produkcyjnych o znacz\u0105co odmiennych datach produkcji i warunkach przechowywania, co mo\u017ce wp\u0142ywa\u0107 na estetyk\u0119.<\/span><\/h4><\/div> <div  class=\"col-sm-6\" data-type=\"column\"> <img  decoding=\"async\" class=\"shadow-large\" src=\"https:\/\/mbtb.pl\/wp-content\/uploads\/2026\/02\/cropped-DSC01847-rotated-e1772127300145.jpg\" title=\"DSC01847\" alt=\"\"><\/div> <\/div><\/div> <\/div><div  data-label=\"Content\" data-id=\"content--3\" data-export-id=\"content-12\" data-category=\"content\" class=\"content-12 content-section content-section-spacing\" id=\"content-3\" style=\"background-color: rgb(255, 255, 255); background-image: none;\"><div  class=\"gridContainer\"><div  data-section-title-area=\"true\" class=\"row text-center\">   <div  class=\"section-title-col\" data-type=\"column\"><p  class=\"lead\" style=\"text-align: left;\"><span  style=\"font-family: Lato, arial, helvetica, sans-serif; font-weight: 900; color: rgb(0, 0, 0);\">&nbsp;<img  decoding=\"async\" draggable=\"false\" role=\"img\" class=\"emoji\" alt=\"\ud83c\udfaf\" src=\"https:\/\/s.w.org\/images\/core\/emoji\/17.0.2\/svg\/1f3af.svg\">&nbsp;LISTA KONTROLNA MB-TB (KROK PO KROKU)<\/span>\n<br ><span  style=\"font-weight: 400;\">Aby u\u0142atwi\u0107 inwestorom odbi\u00f3r towaru, MB-TB opracowa\u0142 standardow\u0105 procedur\u0119 weryfikacji dostawy.<\/span><\/p>                 <p  class=\"lead\" style=\"text-align: left;\"><span  style=\"font-weight: 400; color: rgb(0, 0, 0);\"><span  style=\"font-weight: 900;\">KROK 1: WERYFIKACJA DOKUMENT\u00d3W (WZ)<\/span> \n<br >Przed roz\u0142adunkiem sprawd\u017a, czy nazwa wyrobu na dokumencie dostawy odpowiada Twojemu zam\u00f3wieniu oraz czy zgadza si\u0119 liczba palet i \u017ar\u00f3d\u0142o ich pochodzenia.<\/span><\/p><p  class=\"\"><\/p><p  class=\"lead\" style=\"text-align: left;\"><span  style=\"font-family: Lato, arial, helvetica, sans-serif; font-weight: 400; color: rgb(0, 0, 0);\"><span  style=\"font-weight: 900;\">KROK 2: ANALIZA ETYKIET \u2013 \u201eDOW\u00d3D OSOBISTY\u201d PRODUKTU<\/span> \n<br >Ka\u017cda paleta posiada etykiet\u0119, kt\u00f3ra jest podstaw\u0105 ewentualnych roszcze\u0144, MB-TB zaleca sprawdzenie:\n<\/span><span  id=\"_mce_caret\" data-mce-bogus=\"1\" data-mce-type=\"format-caret\"><span  style=\"color: rgb(60, 66, 79);\">\ufeff<\/span><\/span><br ><span  style=\"font-family: Lato, arial, helvetica, sans-serif; font-weight: 400; color: rgb(0, 0, 0);\"><span  style=\"font-weight: 900;\"><img  decoding=\"async\" draggable=\"false\" role=\"img\" class=\"emoji\" alt=\"\ud83d\udc49\" src=\"https:\/\/s.w.org\/images\/core\/emoji\/17.0.2\/svg\/1f449.svg\">&nbsp;Nazw\u0119, kolor i rodzaj wyko\u0144czenia:<\/span> Musz\u0105 by\u0107 identyczne z zam\u00f3wieniem.<\/span><br ><span  style=\"font-family: Lato, arial, helvetica, sans-serif; font-weight: 400; color: rgb(0, 0, 0);\"><span  style=\"font-weight: 900;\">\n<img  decoding=\"async\" draggable=\"false\" role=\"img\" class=\"emoji\" alt=\"\ud83d\udc49\" src=\"https:\/\/s.w.org\/images\/core\/emoji\/17.0.2\/svg\/1f449.svg\">&nbsp;Wymiary i wysoko\u015b\u0107:<\/span> Czy grubo\u015b\u0107 elementu jest zgodna z projektem (istotne dla no\u015bno\u015bci nawierzchni).<\/span><br ><span  style=\"font-family: Lato, arial, helvetica, sans-serif; font-weight: 400; color: rgb(0, 0, 0);\"><span  style=\"font-weight: 900;\">\n<img  decoding=\"async\" draggable=\"false\" role=\"img\" class=\"emoji\" alt=\"\ud83d\udc49\" src=\"https:\/\/s.w.org\/images\/core\/emoji\/17.0.2\/svg\/1f449.svg\">&nbsp;Dat\u0119 produkcji \/ numer partii:<\/span> Dobrze, gdy ca\u0142y materia\u0142 pochodzi z jednej daty produkcji, nie zawsze jest to mo\u017cliwe. Je\u015bli daty s\u0105 r\u00f3\u017cne, wykonawca musi rygorystycznie miesza\u0107 towar z r\u00f3\u017cnych palet.<\/span><\/p><p  class=\"\"><\/p><p  class=\"lead\" style=\"text-align: left;\"><span  style=\"font-family: Lato, arial, helvetica, sans-serif; color: rgb(0, 0, 0); font-weight: 900;\"><b >KROK 3: OCENA WIZUALNA NA PALECIE<\/b><\/span><span  style=\"font-family: Lato, arial, helvetica, sans-serif; font-weight: 400; color: rgb(0, 0, 0);\"> \n<br >Dokonaj przegl\u0105du towaru na kilku paletach jednocze\u015bnie. Sprawd\u017a, czy kolory s\u0105 zbli\u017cone i czy nie wyst\u0119puj\u0105 uszkodzenia mechaniczne, takie jak p\u0119kni\u0119cia czy du\u017ce ubytki (producent dopuszcza zwykle 1-2% uszkodze\u0144 transportowych). Pami\u0119taj, aby nie ocenia\u0107 koloru na kostce mokrej lub zakurzonej, gdy\u017c przek\u0142amuje to jej rzeczywisty wygl\u0105d.<\/span><\/p><\/div><\/div>  <div  class=\"row center-xs middle-xs\"> <div  class=\"col-sm-9\" data-type=\"column\"> <\/div> <\/div><\/div> <\/div><div  data-label=\"Content\" data-id=\"content--4\" data-export-id=\"content-12\" data-category=\"content\" class=\"content-12 content-section content-section-spacing\" id=\"content-4\" style=\"background-color: rgb(255, 255, 255); background-image: none;\"><div  class=\"gridContainer\"> <div  class=\"row text-center\"><div  class=\"section-title-col\" data-type=\"column\">  <h4  class=\"\" style=\"text-align: left;\"><span  style=\"font-family: Lato, arial, helvetica, sans-serif; font-weight: 900; color: rgb(0, 0, 0);\"><img  decoding=\"async\" draggable=\"false\" role=\"img\" class=\"emoji\" alt=\"\ud83d\udccc\" src=\"https:\/\/s.w.org\/images\/core\/emoji\/17.0.2\/svg\/1f4cc.svg\"> ZASADA TRZECH PALET \u2013 KLUCZ DO ESTETYKI<\/span><\/h4><p  class=\"lead\" style=\"text-align: left;\"><span  style=\"font-family: Lato, arial, helvetica, sans-serif; font-weight: 400; color: rgb(0, 0, 0);\">Jako ekspert brukarski, MB-TB rygorystycznie przypominam o technice monta\u017cu: <span  style=\"font-weight: 900;\">zawsze nale\u017cy miesza\u0107 kostk\u0119 z minimum trzech r\u00f3\u017cnych palet jednocze\u015bnie.<\/span> Pozwala to na r\u00f3wnomierne roz\u0142o\u017cenie naturalnych niuans\u00f3w kolorystycznych betonu na ca\u0142ej powierzchni.<\/span><\/p><p  class=\"lead\" style=\"text-align: left;\"><span  style=\"font-family: Lato, arial, helvetica, sans-serif; font-weight: 900; color: rgb(0, 0, 0);\">B\u0141\u0104D U\u0141O\u017bENIA \u2013 KOSTKA WBUDOWANA W RAMACH JEDNEJ NAWIERZCHNI:<\/span><\/p><img  decoding=\"async\" class=\"custom-image\" src=\"https:\/\/mbtb.pl\/wp-content\/uploads\/2026\/02\/cropped-Rabien-2-edited-scaled-1.jpg\" title=\"R\u0105bie\u0144 - 2-edited\" alt=\"\"><\/div> <\/div> <div  class=\"row center-xs middle-xs\"> <div  class=\"col-sm-9\" data-type=\"column\"> <\/div> <\/div><\/div> <\/div><div  data-label=\"Content\" data-id=\"content--7\" data-export-id=\"content-12\" data-category=\"content\" class=\"content-12 content-section content-section-spacing\" id=\"content-7\" style=\"background-color: rgb(255, 255, 255); background-image: none;\"><div  class=\"gridContainer\"> <div  class=\"row text-center\"><div  class=\"section-title-col\" data-type=\"column\"><h4  class=\"\" style=\"text-align: left;\"><span  style=\"color: rgb(0, 0, 0); font-weight: 900; font-family: Lato, arial, helvetica, sans-serif;\"><span  id=\"_mce_caret\" data-mce-bogus=\"1\" data-mce-type=\"format-caret\">\ufeff<\/span><img  decoding=\"async\" draggable=\"false\" role=\"img\" class=\"emoji\" alt=\"\ud83d\udccc\" src=\"https:\/\/s.w.org\/images\/core\/emoji\/17.0.2\/svg\/1f4cc.svg\"> ANALIZA PRZYCZYN PROBLEM\u00d3W REKLAMACYJNYCH<\/span><\/h4>  <p  class=\"lead\" style=\"text-align: left;\"><span  style=\"font-weight: 400; font-family: Lato, arial, helvetica, sans-serif; color: rgb(0, 0, 0);\">Brak kontroli przy roz\u0142adunku sprawia, \u017ce b\u0142\u0119dy wychodz\u0105 na jaw dopiero po u\u0142o\u017ceniu kostki. To stawia Ci\u0119 w bardzo trudnej pozycji podczas rozm\u00f3w z producentem. Przyczyny problem\u00f3w dzielimy na:<\/span><\/p><p  class=\"lead\" style=\"text-align: left;\"><span  style=\"font-weight: 900; color: rgb(0, 0, 0);\">1. Przyczyny zewn\u0119trzne (Logistyka i Wykonawstwo):<\/span><\/p><p  class=\"lead\" style=\"text-align: left;\"><span  style=\"color: rgb(0, 0, 0); font-family: Lato, arial, helvetica, sans-serif; font-weight: 400;\"><span  style=\"font-weight: 900;\"><img  decoding=\"async\" draggable=\"false\" role=\"img\" class=\"emoji\" alt=\"\u2705\" src=\"https:\/\/s.w.org\/images\/core\/emoji\/17.0.2\/svg\/2705.svg\">&nbsp;B\u0142\u0119dy weryfikacji:<\/span> Wykonawca, d\u0105\u017c\u0105c do szybkiego rozpocz\u0119cia prac, pomija etap sprawdzania etykiet,&nbsp; &nbsp; &nbsp; &nbsp; &nbsp; &nbsp; &nbsp; zak\u0142adaj\u0105c b\u0142\u0119dnie, \u017ce \u201eskoro towar przyjecha\u0142, to musi by\u0107 w\u0142a\u015bciwy\u201d.\n<\/span><br ><span  style=\"color: rgb(0, 0, 0); font-weight: 400; font-family: Lato, arial, helvetica, sans-serif;\"><span  style=\"font-weight: 900;\"><img  decoding=\"async\" draggable=\"false\" role=\"img\" class=\"emoji\" alt=\"\u2705\" src=\"https:\/\/s.w.org\/images\/core\/emoji\/17.0.2\/svg\/2705.svg\">&nbsp;Brak zasady \u201etrzech palet\u201d:<\/span> Ignorowanie konieczno\u015bci mieszania materia\u0142u z minimum trzech r\u00f3\u017cnych palet jednocze\u015bnie, co jest niezb\u0119dne do niwelowania naturalnych r\u00f3\u017cnic w odcieniach betonu.\n<\/span><br ><span  style=\"font-weight: 400; font-family: Lato, arial, helvetica, sans-serif; color: rgb(0, 0, 0);\"><span  style=\"font-weight: 900;\"><img  decoding=\"async\" draggable=\"false\" role=\"img\" class=\"emoji\" alt=\"\u2705\" src=\"https:\/\/s.w.org\/images\/core\/emoji\/17.0.2\/svg\/2705.svg\">&nbsp;Niew\u0142a\u015bciwa ocena barwy:<\/span> Pr\u00f3ba oceny koloru na mokrej, zabrudzonej lub zakurzonej kostce, co przek\u0142amuje rzeczywisty wygl\u0105d produktu. Cz\u0119sto oceny dokonuj\u0105 osoby nieupowa\u017cnione, niemaj\u0105ce wiedzy o szczeg\u00f3\u0142ach zam\u00f3wienia.<\/span><\/p><p  class=\"\"><\/p><p  class=\"lead\" style=\"text-align: left;\"><span  style=\"font-weight: 900; font-family: Lato, arial, helvetica, sans-serif; color: rgb(0, 0, 0);\">2. Przyczyny wewn\u0119trzne (Produkcja i Fizyka Materia\u0142u):<\/span><\/p><p  class=\"lead\" style=\"text-align: left;\"><span  style=\"font-family: Lato, arial, helvetica, sans-serif; font-weight: 400;\"><span  style=\"font-weight: 900;\"><img  decoding=\"async\" draggable=\"false\" role=\"img\" class=\"emoji\" alt=\"\u2705\" src=\"https:\/\/s.w.org\/images\/core\/emoji\/17.0.2\/svg\/2705.svg\">&nbsp;<\/span><span  style=\"color: rgb(0, 0, 0);\"><span  style=\"font-weight: 900;\">Zmienno\u015b\u0107 surowc\u00f3w:<\/span> Nawet niewielka zmiana parametr\u00f3w kruszywa lub partii cementu wp\u0142ywa na odcie\u0144 betonu. Jest to naturalna cecha proces\u00f3w przemys\u0142owych. Cho\u0107 producenci staraj\u0105 si\u0119 t\u0119 zmienno\u015b\u0107 ogranicza\u0107, pewne odchy\u0142ki s\u0105 nieuniknione i dopuszczalne przez normy.\n<\/span><\/span><br ><span  style=\"font-family: Lato, arial, helvetica, sans-serif; font-weight: 400; color: rgb(0, 0, 0);\"><span  style=\"font-weight: 900;\"><img  decoding=\"async\" draggable=\"false\" role=\"img\" class=\"emoji\" alt=\"\u2705\" src=\"https:\/\/s.w.org\/images\/core\/emoji\/17.0.2\/svg\/2705.svg\">&nbsp;Starzenie materia\u0142u i karbonatyzacja:<\/span> Wyroby wyprodukowane w odst\u0119pie kilku miesi\u0119cy mog\u0105 r\u00f3\u017cni\u0107 si\u0119 odcieniem nie tylko przez surowce, ale tak\u017ce przez naturalne procesy dojrzewania betonu zachodz\u0105ce w hali produkcyjnej lub na placu sk\u0142adowym.<\/span><\/p><img  decoding=\"async\" class=\"custom-image\" src=\"https:\/\/mbtb.pl\/wp-content\/uploads\/2026\/02\/Gemini_Generated_Image_86nwne86nwne86nw-scaled.png\" title=\"Gemini_Generated_Image_86nwne86nwne86nw\" alt=\"\"><p  class=\"\"><\/p><p  class=\"\"><\/p><p  class=\"lead\" style=\"text-align: left;\"><span  style=\"font-family: Lato, arial, helvetica, sans-serif; font-weight: 900; color: rgb(0, 0, 0);\"><img  decoding=\"async\" draggable=\"false\" role=\"img\" class=\"emoji\" alt=\"\ud83d\udccc\" src=\"https:\/\/s.w.org\/images\/core\/emoji\/17.0.2\/svg\/1f4cc.svg\">PROCEDURA W PRZYPADKU WYKRYCIA WAD<\/span><\/p><p  class=\"lead\" style=\"text-align: left;\"><span  style=\"color: rgb(0, 0, 0); font-weight: 400;\">Je\u015bli podczas kontroli stwierdzisz niezgodno\u015b\u0107 materia\u0142u z zam\u00f3wieniem, jako technolog betonu rekomenduj\u0119 natychmiastowe dzia\u0142anie:<\/span><\/p><p  class=\"lead\" style=\"text-align: left;\"><span  style=\"font-family: Lato, arial, helvetica, sans-serif; font-weight: 400; color: rgb(0, 0, 0);\"><span  style=\"font-weight: 900;\"><img  decoding=\"async\" draggable=\"false\" role=\"img\" class=\"emoji\" alt=\"\ud83d\udc49\" src=\"https:\/\/s.w.org\/images\/core\/emoji\/17.0.2\/svg\/1f449.svg\">&nbsp;Wstrzymanie prac:<\/span>&nbsp;\n<br >Nie pozw\u00f3l wykonawcy na u\u0142o\u017cenie materia\u0142u, co do kt\u00f3rego masz w\u0105tpliwo\u015bci. Zgodnie z <span  style=\"font-weight: 900;\">Og\u00f3lnymi Warunkami Gwarancji (OWG)<\/span> wi\u0119kszo\u015bci producent\u00f3w, <span  style=\"font-weight: 900;\">wbudowanie materia\u0142u z widocznymi wadami oznacza akceptacj\u0119 jego stanu.<\/span> Powoduje to utrat\u0119 prawa do roszcze\u0144 o zwrot koszt\u00f3w robocizny (demonta\u017cu i ponownego u\u0142o\u017cenia).\n<\/span><br >\n<br ><span  style=\"font-family: Lato, arial, helvetica, sans-serif; font-weight: 400; color: rgb(0, 0, 0);\"><span  style=\"font-weight: 900;\"><img  decoding=\"async\" draggable=\"false\" role=\"img\" class=\"emoji\" alt=\"\ud83d\udc49\" src=\"https:\/\/s.w.org\/images\/core\/emoji\/17.0.2\/svg\/1f449.svg\">&nbsp;Dokumentacja fotograficzna:<\/span> \n<br >Wykonaj zdj\u0119cia etykiet oraz samych produkt\u00f3w na paletach. Wa\u017cne, aby zdj\u0119cia by\u0142y zrobione w \u015bwietle dziennym, palety w stanie nienaruszonym \u2013 tak, jak towar zosta\u0142 dostarczony.\n<\/span><br ><br ><span  style=\"font-family: Lato, arial, helvetica, sans-serif; font-weight: 400; color: rgb(0, 0, 0);\"><span  style=\"font-weight: 900;\"><img  decoding=\"async\" draggable=\"false\" role=\"img\" class=\"emoji\" alt=\"\ud83d\udc49\" src=\"https:\/\/s.w.org\/images\/core\/emoji\/17.0.2\/svg\/1f449.svg\">&nbsp;Formalne zg\u0142oszenie:<\/span> \n<br >Skontaktuj si\u0119 ze sprzedawc\u0105, przedstaw dokument WZ i zdj\u0119cia dystrybutorowi lub producentowi przed rozpakowaniem palet.<\/span><\/p><p  class=\"\"><\/p><p  class=\"lead\" style=\"text-align: left;\"><span  style=\"font-family: Lato, arial, helvetica, sans-serif; font-weight: 400; color: rgb(0, 0, 0);\"><span  style=\"font-weight: 900;\">PODSUMOWANIE EKSPERTA MB-TB:<\/span> Tw\u00f3j nadz\u00f3r inwestorski zaczyna si\u0119 w momencie wjazdu transportu na budow\u0119. Producent odpowiada za wady ukryte, ale za b\u0142\u0105d wbudowania niew\u0142a\u015bciwego materia\u0142u, kt\u00f3rego wady by\u0142y widoczne na palecie, najcz\u0119\u015bciej odpowiada wykonawca lub inwestor.<\/span><\/p><\/div> <\/div> <div  class=\"row center-xs middle-xs\"> <div  class=\"col-sm-9\" data-type=\"column\"> <\/div> <\/div><\/div> <\/div><div  data-label=\"Content\" data-id=\"content--11\" data-export-id=\"content-13\" data-category=\"content\" class=\"content-13 content-section content-section-spacing\" id=\"content-11\" style=\"background-color: rgb(255, 255, 255); background-image: none;\"><div  class=\"gridContainer\"> <div  class=\"row text-center\"><div  class=\"section-title-col\" data-type=\"column\">  <\/div> <\/div> <div  class=\"row center-xs middle-xs\"> <div  class=\"col-xs col-sm-8 space-bottom image-group-bottom-3\"> <img  decoding=\"async\" class=\"left-img shadow-large-black\" src=\"https:\/\/mbtb.pl\/wp-content\/uploads\/2026\/02\/WhatsApp-Image-2026-02-02-at-20.35.02.jpeg\" title=\"WhatsApp Image 2026-02-02 at 20.35.02\" alt=\"\"> <img  decoding=\"async\" class=\"center-img shadow-large-black\" src=\"https:\/\/mbtb.pl\/wp-content\/uploads\/2026\/02\/WhatsApp-Image-2026-02-02-at-20.35.01-1.jpeg\" title=\"WhatsApp Image 2026-02-02 at 20.35.01 (1)\" alt=\"\"> <img  decoding=\"async\" class=\"right-img shadow-large-black\" src=\"https:\/\/mbtb.pl\/wp-content\/uploads\/2026\/02\/cropped-WhatsApp-Image-2026-02-02-at-20.35.01-2.jpeg\" title=\"cropped-WhatsApp-Image-2026-02-02-at-20.35.01-2.jpeg\" alt=\"\"><\/div> <\/div><\/div> <\/div><div  data-label=\"Content\" data-id=\"content--12\" data-export-id=\"content-12\" data-category=\"content\" class=\"content-12 content-section content-section-spacing\" id=\"content-12\" style=\"background-color: rgb(255, 255, 255); background-image: none;\"><div  class=\"gridContainer\"> <div  class=\"row text-center\"><div  class=\"section-title-col\" data-type=\"column\">  <p  class=\"lead\" style=\"text-align: left;\"><span  style=\"font-family: Lato, arial, helvetica, sans-serif; font-weight: 400; color: rgb(0, 0, 0);\">Chcesz mie\u0107 pewno\u015b\u0107, \u017ce Twoja inwestycja zostanie zrealizowana bez b\u0142\u0119d\u00f3w technicznych? <span  style=\"font-weight: 900;\">Zapraszam do wsp\u00f3\u0142pracy.<\/span><\/span><\/p><p  class=\"lead\" style=\"text-align: left;\"><span  style=\"color: rgb(0, 0, 0); font-weight: 900;\">WYBIERAJ SPRAWDZONE ROZWI\u0104ZANIA<\/span><\/p><\/div> <\/div> <div  class=\"row center-xs middle-xs\"> <div  class=\"col-sm-9\" data-type=\"column\"> <\/div> <\/div><\/div> <\/div>","protected":false},"excerpt":{"rendered":"<p>Rzetelne sprawdzenie jako\u015bci materia\u0142u w momencie jego dostawy to kluczowy spos\u00f3b na zachowanie pe\u0142nych praw do reklamacji i unikni\u0119cie koszt\u00f3w zwi\u0105zanych z demonta\u017cem wadliwej nawierzchni.&nbsp; MB-TB, podkre\u015bla kluczow\u0105 zasad\u0119:Pami\u0119taj wbudowanie materia\u0142u oznacza jego akceptacj\u0119 !!! Je\u015bli u\u0142o\u017cysz kostk\u0119, kt\u00f3ra ma widoczne wady, praktycznie zamykasz sobie drog\u0119 do skutecznej reklamacji i nara\u017casz si\u0119 na koszty demonta\u017cu.<a class=\"moretag\" href=\"https:\/\/mbtb.pl\/?page_id=1633\">          Czytaj ca\u0142y artyku\u0142&#8230;<\/a><\/p>\n","protected":false},"author":3,"featured_media":0,"parent":0,"menu_order":0,"comment_status":"closed","ping_status":"closed","template":"pro\/page-templates\/full-width-page.php","meta":{"footnotes":""},"class_list":["post-1633","page","type-page","status-publish","hentry"],"_links":{"self":[{"href":"https:\/\/mbtb.pl\/index.php?rest_route=\/wp\/v2\/pages\/1633","targetHints":{"allow":["GET"]}}],"collection":[{"href":"https:\/\/mbtb.pl\/index.php?rest_route=\/wp\/v2\/pages"}],"about":[{"href":"https:\/\/mbtb.pl\/index.php?rest_route=\/wp\/v2\/types\/page"}],"author":[{"embeddable":true,"href":"https:\/\/mbtb.pl\/index.php?rest_route=\/wp\/v2\/users\/3"}],"replies":[{"embeddable":true,"href":"https:\/\/mbtb.pl\/index.php?rest_route=%2Fwp%2Fv2%2Fcomments&post=1633"}],"version-history":[{"count":7,"href":"https:\/\/mbtb.pl\/index.php?rest_route=\/wp\/v2\/pages\/1633\/revisions"}],"predecessor-version":[{"id":1741,"href":"https:\/\/mbtb.pl\/index.php?rest_route=\/wp\/v2\/pages\/1633\/revisions\/1741"}],"wp:attachment":[{"href":"https:\/\/mbtb.pl\/index.php?rest_route=%2Fwp%2Fv2%2Fmedia&parent=1633"}],"curies":[{"name":"wp","href":"https:\/\/api.w.org\/{rel}","templated":true}]}}